-622*y - 119409. Calculate z(-192).
15
Let k(x) = -1062*x + 29795. Calculate k(28).
59
Let i(n) = -16*n**2 - 1931*n - 13435. What is i(-7)?
-702
Let k(o) = -o**3 + 10*o**2 - 348*o + 1239. What is k(4)?
-57
Let p(y) = 6*y**2 + 140*y + 524. Calculate p(-4).
60
Let l(f) = -41*f**2 + 153*f + 15. Determine l(3).
105
Let c(f) = -657*f - 349636. Calculate c(-532).
-112
Let p(g) = 1244*g + 5002. Determine p(-4).
26
Let m(o) = 3*o**2 + 28521*o - 1577731. Calculate m(55).
-1
Let k(v) = -33*v**3 + 53*v**2 + 248*v - 509. Determine k(2).
-65
Let w(v) = v**3 - 70*v**2 - 144*v - 294. Determine w(72).
-294
Let q(z) = -1952*z + 11690. Determine q(6).
-22
Let z(g) = -8*g**2 + 307*g + 507. Determine z(49).
-3658
Let d(u) = -u**3 + u**2 - 35*u + 101. What is d(0)?
101
Let y(x) = -15*x**2 - 12213*x + 36790. Determine y(3).
16
Let b(t) = t**3 - 387*t**2 + 1983*t - 28412. Calculate b(382).
-526
Let i(k) = 17*k**2 + 172*k - 1265. Calculate i(5).
20
Let k(q) = -222*q - 7707. Give k(-34).
-159
Let y(f) = 1446*f - 193780. What is y(134)?
-16
Let x(n) = -5*n**3 + 6*n**2 - 392*n + 388. Determine x(1).
-3
Let c(k) = -12*k**2 + 261*k + 149434. Give c(123).
-11
Let j(m) = m**2 - 33112*m + 2741405. What is j(83)?
-2
Let w(o) = -4341*o - 8675. Give w(-2).
7
Let g(x) = -31*x - 567. Give g(-132).
3525
Let q(i) = i**2 + 359*i - 81327. Give q(157).
-315
Let b(d) = -2*d**3 - d**2 + 78*d - 137. Determine b(2).
-1
Let s(a) = a**3 + 7*a**2 - 1302*a + 5174. What is s(4)?
142
Let q(a) = -7*a**2 + 56422*a - 281940. Determine q(5).
-5
Let w(u) = -28212*u - 282079. Determine w(-10).
41
Let i(d) = 9*d**2 - 888*d + 10528. Calculate i(12).
1168
Let v(c) = -486*c + 3363. Calculate v(6).
447
Let k(c) = -2487*c - 57228. What is k(-23)?
-27
Let s(z) = 2*z**3 - 7*z**2 - 252*z + 2382. Calculate s(7).
961
Let c(r) = -824*r + 138720. What is c(169)?
-536
Let s(n) = -2*n**3 + 176*n**2 - 1566*n - 19. Calculate s(10).
-79
Let p(i) = -39*i**2 - 88*i - 89. Give p(-13).
-5536
Let h(b) = 123*b**2 + 63227*b + 2545. Give h(-514).
-25
Let k(n) = -13*n**2 - 304*n + 27. Give k(-23).
142
Let h(p) = 417*p + 760. Determine h(-2).
-74
Let h(a) = -252*a + 64238. What is h(256)?
-274
Let s(b) = -27*b**2 + 6701*b - 1162. Calculate s(248).
78
Let d(y) = -12*y**2 - 503*y - 1173. What is d(-39)?
192
Let k(z) = z**3 + 2646*z**2 + 5363*z + 145. Give k(-2).
-5
Let i(v) = -3*v**2 - 151*v - 725. What is i(-48)?
-389
Let x(p) = -853*p + 93134. Determine x(109).
157
Let c(a) = 375*a**2 + 314*a + 255. Give c(-3).
2688
Let p(r) = 149*r + 127. Give p(-6).
-767
Let c(a) = 1425*a**2 - 23160*a + 23159. Calculate c(1).
1424
Let c(f) = -7*f**3 + 7*f**2 + 16*f + 61. Determine c(-4).
557
Let j(s) = 1536*s + 250372. Calculate j(-163).
4
Let i(d) = 71*d**2 + 431*d - 39. Give i(-8).
1057
Let c(q) = -q**3 - 523*q**2 - 608*q - 45428. Calculate c(-522).
-536
Let r(y) = 45*y**2 + 249*y + 125. Calculate r(-5).
5
Let i(m) = -703*m**2 + 157475*m - 570. What is i(224)?
102
Let j(d) = -2951*d + 26005. Determine j(10).
-3505
Let u(y) = -3*y**2 - 468*y + 13775. Determine u(-181).
200
Let z(a) = 96950*a - 678655. Determine z(7).
-5
Let m(y) = -y**2 + 644*y + 97737. Give m(-127).
-180
Let c(j) = -4*j**3 - 270*j**2 - 92*j + 2815. Give c(-67).
1
Let v(x) = -104*x**2 - 707*x + 130. Determine v(-7).
-17
Let d(r) = -3822*r - 49875. Give d(-12).
-4011
Let a(s) = 525*s + 12139. Give a(-23).
64
Let u(b) = -15*b**3 + 838*b**2 + 124*b - 837. Give u(56).
-165
Let g(h) = -3410*h - 149983. Determine g(-44).
57
Let k(i) = 4*i**3 - 23*i**2 - 63*i - 60. Give k(8).
12
Let r(f) = -19980*f + 6453537. Calculate r(323).
-3
Let i(w) = w**2 + 61*w - 9679. Give i(75).
521
Let v(y) = y**3 - 165*y**2 - 1751*y + 65. Calculate v(175).
-110
Let f(m) = 452*m - 232. Determine f(-1).
-684
Let j(n) = -215*n - 50350. What is j(-235)?
175
Let x(u) = 2845925*u + 14229617. Calculate x(-5).
-8
Let c(g) = g**3 + 26*g**2 - 28*g + 31. Give c(0).
31
Let b(x) = -x**2 + 20*x + 1625. Determine b(-34).
-211
Let l(w) = 11184*w - 212507. Calculate l(19).
-11
Let m(h) = -h**2 + 35788*h - 107350. Give m(3).
5
Let x(f) = -f**3 - 49*f**2 - 683*f - 36363. Calculate x(-50).
287
Let w(u) = -4*u**3 - 173*u**2 - 1270*u + 26. Determine w(-34).
434
Let c(z) = 46*z**2 - 258*z - 2063. What is c(10)?
-43
Let t(v) = -4*v**2 - 342*v + 2365. Calculate t(-91).
363
Let i(u) = -u**2 - 350*u + 1802. Give i(5).
27
Let o(n) = 3*n**2 + 160*n + 2850. Determine o(-22).
782
Let k(p) = p**3 + 84*p**2 + 235*p - 664. Calculate k(-81).
-16
Let o(y) = y**3 - 4*y**2 + 79*y + 81. What is o(7)?
781
Let y(z) = 23464*z - 29822751. Give y(1271).
-7
Let c(w) = -289*w + 1884. Calculate c(3).
1017
Let o(k) = -22928*k + 137943. Calculate o(6).
375
Let f(r) = r**3 - 12*r**2 - 137*r + 1277. Give f(9).
-199
Let t(z) = 118*z - 17553. Determine t(151).
265
Let q(s) = -s**3 + 22*s**2 - 80*s + 88. Calculate q(2).
8
Let f(p) = 6908*p + 41494. What is f(-6)?
46
Let s(z) = -2400939*z - 9603760. What is s(-4)?
-4
Let j(t) = -5*t**3 - 78*t**2 + 742*t + 842. Give j(-22).
6
Let m(f) = -1817*f + 1001203. Calculate m(551).
36
Let f(k) = 376932*k + 1884608. Determine f(-5).
-52
Let x(z) = 687*z**2 - 6884*z + 54. Calculate x(10).
-86
Let p(x) = -18*x**3 - 420*x**2 + 748*x - 64. Determine p(-25).
-14
Let n(r) = -1178*r - 43593. Calculate n(-37).
-7
Let a(y) = 9*y**2 + 948*y - 1579. Calculate a(-107).
26
Let s(m) = -5632*m + 61931. Determine s(11).
-21
Let o(d) = d**3 + 28*d**2 + 56*d + 419. Give o(-26).
315
Let p(n) = -1815*n - 2758799. Give p(-1520).
1
Let t(c) = -640476*c + 8. What is t(0)?
8
Let k(v) = -v**3 - 3*v**2 + 250*v + 1393. Calculate k(-6).
1
Let v(u) = u**2 - 30576*u + 275103. What is v(9)?
0
Let s(a) = 836*a + 19. Determine s(0).
19
Let q(g) = -8*g**2 - 182*g - 924. Calculate q(-15).
6
Let h(c) = 2022*c - 62715. What is h(31)?
-33
Let c(z) = -3725*z - 644340. Determine c(-173).
85
Let d(r) = 69*r + 7917. Determine d(-116).
-87
Let v(q) = -59*q + 4274. Determine v(78).
-328
Let y(q) = 739*q - 2290. Calculate y(5).
1405
Let p(s) = -6*s**3 + 28*s**2 + 108*s - 108. What is p(1)?
22
Let w(j) = 2248*j**2 - 4474*j - 86. Give w(2).
-42
Let b(p) = -p**3 - p**2 - 73607*p - 17. What is b(0)?
-17
Let y(j) = 69*j**2 + 26*j + 33. Give y(-1).
76
Let w(u) = 207*u**2 + 22545*u - 47955. Determine w(-111).
-3
Let a(r) = -429440*r - 17607034. Determine a(-41).
6
Let v(g) = 2124*g + 10086. Give v(-5).
-534
Let t(q) = -q**3 + 27*q**2 - 444*q + 8903. Determine t(24).
-25
Let l(g) = 26*g**2 + 857*g + 6995. Give l(-18).
-7
Let k(d) = 82*d - 3494. What is k(24)?
-1526
Let l(q) = 25*q**2 - 19*q - 201. Calculate l(-6).
813
Let g(x) = -x**3 + 94*x**2 - 1550*x + 58. What is g(72)?
2506
Let i(g) = 3*g**3 + 25*g**2 + 53*g + 228. What is i(-7)?
53
Let j(m) = -m**3 + 118*m**2 - 1070*m + 141491. Give j(119).
0
Let i(z) = -9501*z - 66503. Calculate i(-7).
4
Let z(r) = 4283*r - 12733. What is z(3)?
116
Let q(b) = -445683*b - 9359339. Determine q(-21).
4
Let j(k) = 8*k**2 + 22*k + 155. Give j(10).
1175
Let k(s) = 117*s + 2114. Calculate k(-26).
-928
Let v(m) = 219*m**2 + 2899*m - 2358. Determine v(-14).
-20
Let a(b) = 9*b**3 - 83*b**2 + 39*b + 34. Determine a(9).
223
Let k(h) = -h**3 + 66*h**2 + 163*h - 18628. What is k(64)?
-4
Let z(x) = -3*x**3 - 65*x**2 - 346*x + 3. Give z(-11).
-63
Let t(n) = 524*n + 23254. Determine t(-44).
198
Let n(v) = v**3 - 125*v**2 - 1088*v + 801. Determine n(-9).
-261
Let p(t) = 27*t**2 - 1243*t - 1190. What is p(47)?
32
Let h(r) = -42*r**2 - 12043*r + 3164. Give h(-287).
7
Let p(o) = -909*o - 43487. Calculate p(-48).
145
Let b(n) = -4*n**3 - 1574*n**2 + 788*n - 11. What is b(-394)?
-11
Let i(r) = 37*r**2 - 3667*r - 43967. Give i(-12).
5365
Let z(q) = -2*q**3 - 300*q**2 - 10803*q - 189. Calculate z(-60).
-9
Let w(n) = n**3 + 61*n**2 - 97*n - 2106. Determine w(-62).
64
Let f(d) = -d**2 - 9620*d - 1957615. Calculate f(-208).
81
Let r(j) = 10*j**3 + 273*j**2 - 554*j - 4. What is r(2)?
60
Let j(l) = 1146712*l - 6880273. What is j(6)?
-1
Let b(t) = t**3 - 34*t**2 + 197*t - 214. Calculate b(4).
94
Let m(n) = n**3 + 255*n**2 - 1269*n + 8140. Give m(-260).
80
Let b(z) = 119*z**2 + 628*z + 30. Give b(-5).
-135
Let c(q) = -5*q**3 - 4*q**2 + 35*q + 80. Determine c(5).
-470
Let y(j) = -j**2 + 1532*j + 658694. Determine y(-350).
-6
Let y(c) = 2*c**3 + 127*c**2 - 1